{"id":290,"date":"2014-06-23T16:23:03","date_gmt":"2014-06-23T16:23:03","guid":{"rendered":"http:\/\/hotelprincesakristina.com\/contacto"},"modified":"2023-11-08T14:10:04","modified_gmt":"2023-11-08T14:10:04","slug":"contacto","status":"publish","type":"page","link":"http:\/\/hotelprincesakristina.com\/?page_id=290","title":{"rendered":"Contacto"},"content":{"rendered":"<p><a href=\"https:\/\/wa.me\/34637844830\"><img decoding=\"async\" loading=\"lazy\" class=\"wp-image-656\" style=\"vertical-align: middle; padding-right: 20px;\" src=\"http:\/\/hotelprincesakristina.com\/wp-content\/uploads\/2014\/06\/whatsapp-300x300.png\" alt=\"whatsapp\" width=\"69\" height=\"69\" srcset=\"http:\/\/hotelprincesakristina.com\/wp-content\/uploads\/2014\/06\/whatsapp-300x300.png 300w, http:\/\/hotelprincesakristina.com\/wp-content\/uploads\/2014\/06\/whatsapp-150x150.png 150w, http:\/\/hotelprincesakristina.com\/wp-content\/uploads\/2014\/06\/whatsapp-100x100.png 100w, http:\/\/hotelprincesakristina.com\/wp-content\/uploads\/2014\/06\/whatsapp-65x65.png 65w, http:\/\/hotelprincesakristina.com\/wp-content\/uploads\/2014\/06\/whatsapp-75x75.png 75w, http:\/\/hotelprincesakristina.com\/wp-content\/uploads\/2014\/06\/whatsapp-60x60.png 60w, http:\/\/hotelprincesakristina.com\/wp-content\/uploads\/2014\/06\/whatsapp-72x72.png 72w, http:\/\/hotelprincesakristina.com\/wp-content\/uploads\/2014\/06\/whatsapp.png 512w\" sizes=\"(max-width: 69px) 100vw, 69px\" \/>Pulsa aqu\u00ed para enviarnos ahora un WhatsApp<\/a><br \/>\n<iframe loading=\"lazy\" style=\"border: 0;\" src=\"https:\/\/www.google.com\/maps\/embed?pb=!1m18!1m12!1m3!1d2962.256524911067!2d-3.522851348634675!3d42.0591205791062!2m3!1f0!2f0!3f0!3m2!1i1024!2i768!4f13.1!3m3!1m2!1s0xd45c5b5ff6b2661%3A0x829fe00417531d1f!2sHotel%20rural%20Princesa%20Kristina!5e0!3m2!1ses!2ses!4v1679140305555!5m2!1ses!2ses\" width=\"100%\" height=\"450\" allowfullscreen=\"allowfullscreen\"><\/iframe><\/p>\n<h3 class=\"title-style1\">Ubicaci\u00f3n<\/h3>\n<p><strong>Covarrubias &gt; Burgos &gt; Espa\u00f1a:<\/strong>\u00a0El hotel se encuentra en la preciosa y medieval localidad de Covarrubias, en el sur de la provincia de Burgos, rodeado de magn\u00edficos parajes naturales,\u00a0con una enorme riqueza hist\u00f3rica y una gran oferta gastron\u00f3mica.<\/p>\n","protected":false},"excerpt":{"rendered":"<p>Pulsa aqu\u00ed para enviarnos ahora un WhatsApp Ubicaci\u00f3n Covarrubias &gt; Burgos &gt; Espa\u00f1a:\u00a0El hotel se encuentra en la preciosa y medieval localidad de Covarrubias, en el sur de la provincia de Burgos, rodeado de magn\u00edficos parajes naturales,\u00a0con una enorme riqueza hist\u00f3rica y una gran oferta gastron\u00f3mica.<\/p>\n","protected":false},"author":1,"featured_media":0,"parent":0,"menu_order":0,"comment_status":"closed","ping_status":"closed","template":"page-templates\/template-right-sidebar.php","meta":[],"_links":{"self":[{"href":"http:\/\/hotelprincesakristina.com\/index.php?rest_route=\/wp\/v2\/pages\/290"}],"collection":[{"href":"http:\/\/hotelprincesakristina.com\/index.php?rest_route=\/wp\/v2\/pages"}],"about":[{"href":"http:\/\/hotelprincesakristina.com\/index.php?rest_route=\/wp\/v2\/types\/page"}],"author":[{"embeddable":true,"href":"http:\/\/hotelprincesakristina.com\/index.php?rest_route=\/wp\/v2\/users\/1"}],"replies":[{"embeddable":true,"href":"http:\/\/hotelprincesakristina.com\/index.php?rest_route=%2Fwp%2Fv2%2Fcomments&post=290"}],"version-history":[{"count":19,"href":"http:\/\/hotelprincesakristina.com\/index.php?rest_route=\/wp\/v2\/pages\/290\/revisions"}],"predecessor-version":[{"id":689,"href":"http:\/\/hotelprincesakristina.com\/index.php?rest_route=\/wp\/v2\/pages\/290\/revisions\/689"}],"wp:attachment":[{"href":"http:\/\/hotelprincesakristina.com\/index.php?rest_route=%2Fwp%2Fv2%2Fmedia&parent=290"}],"curies":[{"name":"wp","href":"https:\/\/api.w.org\/{rel}","templated":true}]}}